{"id":1171,"date":"2021-07-19T11:46:51","date_gmt":"2021-07-19T11:46:51","guid":{"rendered":"https:\/\/flippoxx.de\/?page_id=1171"},"modified":"2021-08-12T15:08:24","modified_gmt":"2021-08-12T15:08:24","slug":"flippoxx-die-geniale-sparscheibe","status":"publish","type":"page","link":"https:\/\/flippoxx.de\/?page_id=1171","title":{"rendered":"Die Sparscheibe"},"content":{"rendered":"<p>[et_pb_section fb_built=&#8220;1&#8243; _builder_version=&#8220;4.9.2&#8243; _module_preset=&#8220;default&#8220; background_color=&#8220;#0a0a0a&#8220;][et_pb_row _builder_version=&#8220;4.9.2&#8243; _module_preset=&#8220;default&#8220;][et_pb_column type=&#8220;4_4&#8243; _builder_version=&#8220;4.9.2&#8243; _module_preset=&#8220;default&#8220;][et_pb_text content_tablet=&#8220;<\/p>\n<p style=%22text-align: center;%22>Flippoxx Sparscheibe &#8211;<br \/>Das Prinzip<\/p>\n<p>&#8220; content_phone=&#8220;<\/p>\n<p style=%22text-align: center;%22>Flippoxx Sparscheibe &#8211;<br \/>Das Prinzip<\/p>\n<p>&#8220; content_last_edited=&#8220;on|tablet&#8220; _builder_version=&#8220;4.9.2&#8243; _module_preset=&#8220;default&#8220; text_font=&#8220;Verdana|700|||||||&#8220; text_font_size=&#8220;48px&#8220; text_line_height=&#8220;1.3em&#8220; custom_padding=&#8220;23px||23px||false|false&#8220; text_font_size_tablet=&#8220;40px&#8220; text_font_size_phone=&#8220;28px&#8220; text_font_size_last_edited=&#8220;on|phone&#8220; border_width_all=&#8220;1px&#8220; border_color_all=&#8220;#FFFFFF&#8220;]<\/p>\n<p style=\"text-align: center;\">Flippoxx Sparscheibe &#8211;<br \/>Das Prinzip<\/p>\n<p>[\/et_pb_text][\/et_pb_column][\/et_pb_row][et_pb_row column_structure=&#8220;1_3,1_3,1_3&#8243; _builder_version=&#8220;4.9.2&#8243; _module_preset=&#8220;default&#8220; custom_padding=&#8220;||36px|||&#8220;][et_pb_column type=&#8220;1_3&#8243; _builder_version=&#8220;4.9.2&#8243; _module_preset=&#8220;default&#8220;][et_pb_text _builder_version=&#8220;4.9.2&#8243; _module_preset=&#8220;default&#8220; text_font=&#8220;Verdana||||||||&#8220; text_text_color=&#8220;#FFFFFF&#8220; text_font_size=&#8220;16px&#8220;]<\/p>\n<p>Das als Grundk\u00f6rper ausgelegte System l\u00e4\u00dft sich durch kreative K\u00f6pfe mannigfaltig erweitern.<\/p>\n<p>So l\u00e4\u00dft sich z.B. die Erinnerungsst\u00fctze, resp. \u201eToDo\u201c Liste durch eigene Produkte\/Symbole erweitern.<\/p>\n<p>Als <i>Neuheit #1<\/i> ist hier die Euro-Sparscheibe genannt, welche im Sinne von Peter Zwegat (Ausgaben\u00a0visualisieren), in einer neuen Scheibe verinnerlicht.<\/p>\n<p>Ausgehend vom Wunsch \u201eauf keinen Fall mehr als Euro 400,- pro Monat\u201c ausgeben zu wollen, resp. k\u00f6nnen, wird der Betrag visuell in 4-Teilmengen zerlegt und diese dann \u00fcber die Farbgebung eine Priorit\u00e4t zugeordnet.<\/p>\n<p>Jeder ausgegebene Betrag, ausgehend vom Monatsanfang, wird auf Euro 10,- aufgerundet und nach der Ausgabe durch\u201cwegschnippen\u201c der aufsummierten Marker <i>aus dem Gesichtsfeld<\/i> gebracht.<\/p>\n<p>&nbsp;<\/p>\n<p>[\/et_pb_text][\/et_pb_column][et_pb_column type=&#8220;1_3&#8243; _builder_version=&#8220;4.9.2&#8243; _module_preset=&#8220;default&#8220;][et_pb_image title_text=&#8220;Flippoxx_Euro_weissbunt_ok&#8220; align=&#8220;center&#8220; _builder_version=&#8220;4.9.2&#8243; _module_preset=&#8220;default&#8220; background_color=&#8220;RGBA(0,0,0,0)&#8220; transform_scale=&#8220;118%|118%&#8220; custom_margin=&#8220;-1px||||false|false&#8220; animation_style=&#8220;roll&#8220; animation_starting_opacity=&#8220;14%&#8220; background__hover_enabled=&#8220;on|hover&#8220; background_color__hover=&#8220;RGBA(0,0,0,0)&#8220; background_enable_color__hover=&#8220;on&#8220; transform_styles__hover_enabled=&#8220;on|hover&#8220; transform_scale__hover_enabled=&#8220;on|hover&#8220; transform_translate__hover_enabled=&#8220;on|desktop&#8220; transform_rotate__hover_enabled=&#8220;on|desktop&#8220; transform_skew__hover_enabled=&#8220;on|desktop&#8220; transform_origin__hover_enabled=&#8220;on|desktop&#8220; custom_margin__hover_enabled=&#8220;on|hover&#8220; transform_scale__hover=&#8220;142%|142%&#8220; custom_margin__hover=&#8220;65px||||false|false&#8220; src=&#8220;http:\/\/flippoxx.de\/wp-content\/uploads\/2021\/08\/flippoxx-euro-weissbunt-ok.gif&#8220; src__hover_enabled=&#8220;on|hover&#8220; hover_enabled=&#8220;0&#8243; sticky_enabled=&#8220;0&#8243;][\/et_pb_image][\/et_pb_column][et_pb_column type=&#8220;1_3&#8243; _builder_version=&#8220;4.9.2&#8243; _module_preset=&#8220;default&#8220;][et_pb_text _builder_version=&#8220;4.9.2&#8243; _module_preset=&#8220;default&#8220; text_font=&#8220;Verdana||||||||&#8220; text_text_color=&#8220;#FFFFFF&#8220; text_font_size=&#8220;16px&#8220;]<\/p>\n<p style=\"text-align: left;\">Der Effekt ist das <i>visuelle Vorhandensein<\/i> des Restverm\u00f6gens in Form von farbigen Markern.<\/p>\n<p style=\"text-align: left;\"><strong>Alles sehr plastisch.<\/strong><\/p>\n<p style=\"text-align: left;\">Bsp.: Friseur Euro 30,- Tanken Euro 40,- =&gt; ein Restbetrag von Euro 330,- bis zum Monatsende\/Zahltag.<\/p>\n<p>Die zur Verf\u00fcgung stehende Summe von Euro 100,- symbolisiert die Gefahr im Zusammenhang mit den Tagen bis zum Monatsende\/Zahltag.<\/p>\n<p>Fazit: Die menschliche Psyche neigt dazu m\u00f6glichst viele Farbmarker zu erhalten =&gt; dies beinhaltet die Abneigung, resp. gr\u00fcndliche Abw\u00e4gung, von weiteren Ausgaben. Euro Ampel \/ Ausgaben Ampel \/ Verbrauchsampel<strong><\/strong><\/p>\n<p>[\/et_pb_text][\/et_pb_column][\/et_pb_row][\/et_pb_section]<\/p>\n","protected":false},"excerpt":{"rendered":"<p>[et_pb_section fb_built=&#8220;1&#8243; _builder_version=&#8220;4.9.2&#8243; _module_preset=&#8220;default&#8220; background_color=&#8220;#0a0a0a&#8220;][et_pb_row _builder_version=&#8220;4.9.2&#8243; _module_preset=&#8220;default&#8220;][et_pb_column type=&#8220;4_4&#8243; _builder_version=&#8220;4.9.2&#8243; _module_preset=&#8220;default&#8220;][et_pb_text content_tablet=&#8220; Flippoxx Sparscheibe &#8211;Das Prinzip &#8220; content_phone=&#8220; Flippoxx Sparscheibe &#8211;Das Prinzip &#8220; content_last_edited=&#8220;on|tablet&#8220; _builder_version=&#8220;4.9.2&#8243; _module_preset=&#8220;default&#8220; text_font=&#8220;Verdana|700|||||||&#8220; text_font_size=&#8220;48px&#8220; text_line_height=&#8220;1.3em&#8220; custom_padding=&#8220;23px||23px||false|false&#8220; text_font_size_tablet=&#8220;40px&#8220; text_font_size_phone=&#8220;28px&#8220; text_font_size_last_edited=&#8220;on|phone&#8220; border_width_all=&#8220;1px&#8220; border_color_all=&#8220;#FFFFFF&#8220;] Flippoxx Sparscheibe &#8211;Das Prinzip [\/et_pb_text][\/et_pb_column][\/et_pb_row][et_pb_row column_structure=&#8220;1_3,1_3,1_3&#8243; _builder_version=&#8220;4.9.2&#8243; _module_preset=&#8220;default&#8220; custom_padding=&#8220;||36px|||&#8220;][et_pb_column type=&#8220;1_3&#8243; _builder_version=&#8220;4.9.2&#8243; _module_preset=&#8220;default&#8220;][et_pb_text _builder_version=&#8220;4.9.2&#8243; _module_preset=&#8220;default&#8220; text_font=&#8220;Verdana||||||||&#8220; text_text_color=&#8220;#FFFFFF&#8220; text_font_size=&#8220;16px&#8220;] Das als Grundk\u00f6rper ausgelegte [&hellip;]<\/p>\n","protected":false},"author":2,"featured_media":0,"parent":0,"menu_order":0,"comment_status":"closed","ping_status":"closed","template":"","meta":{"_et_pb_use_builder":"on","_et_pb_old_content":"","_et_gb_content_width":"","footnotes":""},"class_list":["post-1171","page","type-page","status-publish","hentry"],"cmb2":{"uhe_rest_metabox":{"uhe_rest_text":""}},"_links":{"self":[{"href":"https:\/\/flippoxx.de\/index.php?rest_route=\/wp\/v2\/pages\/1171","targetHints":{"allow":["GET"]}}],"collection":[{"href":"https:\/\/flippoxx.de\/index.php?rest_route=\/wp\/v2\/pages"}],"about":[{"href":"https:\/\/flippoxx.de\/index.php?rest_route=\/wp\/v2\/types\/page"}],"author":[{"embeddable":true,"href":"https:\/\/flippoxx.de\/index.php?rest_route=\/wp\/v2\/users\/2"}],"replies":[{"embeddable":true,"href":"https:\/\/flippoxx.de\/index.php?rest_route=%2Fwp%2Fv2%2Fcomments&post=1171"}],"version-history":[{"count":16,"href":"https:\/\/flippoxx.de\/index.php?rest_route=\/wp\/v2\/pages\/1171\/revisions"}],"predecessor-version":[{"id":1492,"href":"https:\/\/flippoxx.de\/index.php?rest_route=\/wp\/v2\/pages\/1171\/revisions\/1492"}],"wp:attachment":[{"href":"https:\/\/flippoxx.de\/index.php?rest_route=%2Fwp%2Fv2%2Fmedia&parent=1171"}],"curies":[{"name":"wp","href":"https:\/\/api.w.org\/{rel}","templated":true}]}}